{"id":69,"date":"2026-04-14T13:26:14","date_gmt":"2026-04-14T13:26:14","guid":{"rendered":"https:\/\/jmota.igr05.pt\/?page_id=69"},"modified":"2026-04-16T13:55:40","modified_gmt":"2026-04-16T13:55:40","slug":"hobbys","status":"publish","type":"page","link":"https:\/\/jmota.igr05.pt\/?page_id=69","title":{"rendered":"Hobbys"},"content":{"rendered":"\n<p>Valorizo bastante o meu tempo e por isso gosto de o ocupar com o que mais gosto de fazer;<\/p>\n\n\n\n<p><strong>-Ler<\/strong><\/p>\n\n\n\n<p>Acredito que &#8220;Ler&#8221; e &#8220;conhecimento&#8221; est\u00e3o diretamente conectados, pois antes da internet ser uma realidade as pessoas adquiriam conhecimento a ler.<br>No que toca a livros sou super seletivo, muito do que leio t\u00eam a ver com os meus interesses ou princ\u00edpios, aqui est\u00e3o alguns livros<\/p>\n\n\n\n<div class=\"wp-block-media-text is-stacked-on-mobile\"><figure class=\"wp-block-media-text__media\"><img loading=\"lazy\" decoding=\"async\" width=\"179\" height=\"281\" src=\"https:\/\/jmota.igr05.pt\/wp-content\/uploads\/2026\/04\/maus_book.jpg\" alt=\"\" class=\"wp-image-70 size-full\"\/><\/figure><div class=\"wp-block-media-text__content\">\n<p>Conta a historia de um sobrevivente do holocausto e da sua mulher <\/p>\n<\/div><\/div>\n\n\n\n<p><\/p>\n\n\n\n<div class=\"wp-block-media-text is-stacked-on-mobile\"><figure class=\"wp-block-media-text__media\"><img loading=\"lazy\" decoding=\"async\" width=\"397\" height=\"600\" src=\"https:\/\/jmota.igr05.pt\/wp-content\/uploads\/2026\/04\/1984_book.webp\" alt=\"\" class=\"wp-image-71 size-full\" srcset=\"https:\/\/jmota.igr05.pt\/wp-content\/uploads\/2026\/04\/1984_book.webp 397w, https:\/\/jmota.igr05.pt\/wp-content\/uploads\/2026\/04\/1984_book-199x300.webp 199w\" sizes=\"(max-width: 397px) 100vw, 397px\" \/><\/figure><div class=\"wp-block-media-text__content\">\n<p>Conta a historia de uma sociedade controlada e monitorada a toda hora, quem quer que ouse pensar algo \u00e1 cerca do partido \u00e9 apagado da exist\u00eancia por completo.<\/p>\n<\/div><\/div>\n\n\n\n<p><\/p>\n\n\n\n<p><\/p>\n\n\n\n<p><\/p>\n\n\n\n<p><\/p>\n","protected":false},"excerpt":{"rendered":"<p>Valorizo bastante o meu tempo e por isso gosto de o ocupar com o que mais gosto de fazer; -Ler Acredito que &#8220;Ler&#8221; e &#8220;conhecimento&#8221; est\u00e3o diretamente conectados, pois antes da internet ser uma realidade as pessoas adquiriam conhecimento a ler.No que toca a livros sou super seletivo, muito do que leio t\u00eam a ver [&hellip;]<\/p>\n","protected":false},"author":1,"featured_media":0,"parent":0,"menu_order":0,"comment_status":"closed","ping_status":"closed","template":"","meta":{"saved_in_kubio":true,"footnotes":""},"class_list":["post-69","page","type-page","status-publish","hentry"],"kubio_ai_page_context":{"short_desc":"","purpose":"general"},"_links":{"self":[{"href":"https:\/\/jmota.igr05.pt\/index.php?rest_route=\/wp\/v2\/pages\/69","targetHints":{"allow":["GET"]}}],"collection":[{"href":"https:\/\/jmota.igr05.pt\/index.php?rest_route=\/wp\/v2\/pages"}],"about":[{"href":"https:\/\/jmota.igr05.pt\/index.php?rest_route=\/wp\/v2\/types\/page"}],"author":[{"embeddable":true,"href":"https:\/\/jmota.igr05.pt\/index.php?rest_route=\/wp\/v2\/users\/1"}],"replies":[{"embeddable":true,"href":"https:\/\/jmota.igr05.pt\/index.php?rest_route=%2Fwp%2Fv2%2Fcomments&post=69"}],"version-history":[{"count":10,"href":"https:\/\/jmota.igr05.pt\/index.php?rest_route=\/wp\/v2\/pages\/69\/revisions"}],"predecessor-version":[{"id":202,"href":"https:\/\/jmota.igr05.pt\/index.php?rest_route=\/wp\/v2\/pages\/69\/revisions\/202"}],"wp:attachment":[{"href":"https:\/\/jmota.igr05.pt\/index.php?rest_route=%2Fwp%2Fv2%2Fmedia&parent=69"}],"curies":[{"name":"wp","href":"https:\/\/api.w.org\/{rel}","templated":true}]}}