{"id":43,"date":"2026-04-14T11:37:33","date_gmt":"2026-04-14T11:37:33","guid":{"rendered":"https:\/\/jmota.igr05.pt\/?page_id=43"},"modified":"2026-04-16T14:06:17","modified_gmt":"2026-04-16T14:06:17","slug":"formacao","status":"publish","type":"page","link":"https:\/\/jmota.igr05.pt\/?page_id=43","title":{"rendered":"Forma\u00e7\u00e3o"},"content":{"rendered":"\n<div class=\"wp-block-group alignfull is-style-section-5 has-global-padding is-layout-constrained wp-block-group-is-layout-constrained is-style-section-5--1\" style=\"margin-top:0;margin-bottom:0;padding-top:var(--wp--preset--spacing--50);padding-bottom:var(--wp--preset--spacing--50)\">\n<div class=\"wp-block-columns alignwide is-layout-flex wp-container-core-columns-is-layout-7ee84d44 wp-block-columns-is-layout-flex\">\n<div class=\"wp-block-column is-vertically-aligned-center is-style-default has-x-large-font-size is-layout-flow wp-block-column-is-layout-flow\" style=\"border-style:none;border-width:0px;border-radius:0px;padding-top:0;padding-right:0;padding-bottom:0;padding-left:0;flex-basis:200%\">\n<p class=\"has-x-large-font-size\">Compet\u00eancias <\/p>\n\n\n\n<p class=\"has-large-font-size\">Ao longo deste curso aprendi varias compet\u00eancias, tais incluem;<\/p>\n\n\n\n<p class=\"has-large-font-size\">-Alto n\u00edvel de comunicatividade em ingl\u00eas<br>-Gest\u00e3o de Bases de Dados em MYSQL<br>-Desenvolvimento de websites em HTML e PHP<br>-instala\u00e7\u00e3o de software <br>-Abrimento e montagem de Computadores <br>-Desenvolvimento de um website de aluguel para material de filmagem chamado Aluguel-File<br>-Frequenta\u00e7\u00e3o de estagio na Learnmate StartUp de Sintra<br><br><\/p>\n<\/div>\n\n\n\n<div class=\"wp-block-column is-vertically-aligned-center is-layout-flow wp-block-column-is-layout-flow\" style=\"flex-basis:50%\">\n<figure class=\"wp-block-image alignwide size-large\"><img loading=\"lazy\" decoding=\"async\" width=\"1024\" height=\"543\" src=\"https:\/\/jmota.igr05.pt\/wp-content\/uploads\/2026\/04\/html_code_image-1024x543.webp\" alt=\"\" class=\"wp-image-99\" srcset=\"https:\/\/jmota.igr05.pt\/wp-content\/uploads\/2026\/04\/html_code_image-1024x543.webp 1024w, https:\/\/jmota.igr05.pt\/wp-content\/uploads\/2026\/04\/html_code_image-300x159.webp 300w, https:\/\/jmota.igr05.pt\/wp-content\/uploads\/2026\/04\/html_code_image-768x407.webp 768w, https:\/\/jmota.igr05.pt\/wp-content\/uploads\/2026\/04\/html_code_image.webp 1132w\" sizes=\"(max-width: 1024px) 100vw, 1024px\" \/><\/figure>\n<\/div>\n<\/div>\n<\/div>\n\n\n\n<div class=\"wp-block-group alignfull has-global-padding is-layout-constrained wp-container-core-group-is-layout-ebee8dc1 wp-block-group-is-layout-constrained\" style=\"margin-top:0;margin-bottom:0;padding-top:var(--wp--preset--spacing--50);padding-bottom:var(--wp--preset--spacing--50)\">\n<div class=\"wp-block-group alignwide is-content-justification-space-between is-layout-flex wp-container-core-group-is-layout-9366075c wp-block-group-is-layout-flex\">\n<h2 class=\"wp-block-heading alignwide has-text-align-left is-style-text-subtitle has-x-large-font-size is-style-text-subtitle--2\">Learnmate StartUp de Sintra<\/h2>\n<\/div>\n\n\n\n<div class=\"wp-block-group alignwide is-layout-grid wp-container-core-group-is-layout-1ce758a5 wp-block-group-is-layout-grid\">\n<p class=\"wp-container-content-98e6c26e\">A Learnmate \u00e9 uma plataforma voltada em ajudar os alunos com estudos e a prepararem-se para os exames nacionais<\/p>\n\n\n\n<p>Programei em JSON e fui uma parte importante no que toca ao desenvolvimento da plataforma.<\/p>\n\n\n\n<p>Como um projeto \u00e1 parte durante o estagio, desenvolvi um website de organiza\u00e7\u00e3o de tarefas em React JS.<\/p>\n<\/div>\n\n\n\n<div class=\"wp-block-group alignfull has-global-padding is-layout-constrained wp-container-core-group-is-layout-ebee8dc1 wp-block-group-is-layout-constrained\" style=\"margin-top:0;margin-bottom:0;padding-top:var(--wp--preset--spacing--50);padding-bottom:var(--wp--preset--spacing--50)\">\n<div class=\"wp-block-group alignwide is-content-justification-space-between is-layout-flex wp-container-core-group-is-layout-9366075c wp-block-group-is-layout-flex\">\n<h2 class=\"wp-block-heading alignwide has-text-align-left is-style-text-subtitle has-x-large-font-size is-style-text-subtitle--3\"><a href=\"https:\/\/aluguerfile.rf.gd\/public\/\">Aluguel-File<\/a><\/h2>\n<\/div>\n\n\n\n<div class=\"wp-block-group alignwide is-layout-grid wp-container-core-group-is-layout-1ce758a5 wp-block-group-is-layout-grid\">\n<p class=\"wp-container-content-90bfb275\">Como projeto final de Curso eu e mais uma grande amiga e colega minha decidimos criar um site de aluguel para material de filmagens para uma empresa chamada SN-Films e demos o nome de <a href=\"https:\/\/aluguerfile.rf.gd\/public\/\">Aluguel-File<\/a> feito em HTML, PHP, JavaScript e CSS com uma extensa base de dados em MYSQL<\/p>\n\n\n\n<p class=\"wp-container-content-90bfb275\">.<\/p>\n<\/div>\n<\/div>\n<\/div>\n","protected":false},"excerpt":{"rendered":"<p>Compet\u00eancias Ao longo deste curso aprendi varias compet\u00eancias, tais incluem; -Alto n\u00edvel de comunicatividade em ingl\u00eas-Gest\u00e3o de Bases de Dados em MYSQL-Desenvolvimento de websites em HTML e PHP-instala\u00e7\u00e3o de software -Abrimento e montagem de Computadores -Desenvolvimento de um website de aluguel para material de filmagem chamado Aluguel-File-Frequenta\u00e7\u00e3o de estagio na Learnmate StartUp de Sintra Learnmate [&hellip;]<\/p>\n","protected":false},"author":1,"featured_media":0,"parent":0,"menu_order":0,"comment_status":"closed","ping_status":"closed","template":"","meta":{"saved_in_kubio":true,"footnotes":""},"class_list":["post-43","page","type-page","status-publish","hentry"],"kubio_ai_page_context":{"short_desc":"","purpose":"general"},"_links":{"self":[{"href":"https:\/\/jmota.igr05.pt\/index.php?rest_route=\/wp\/v2\/pages\/43","targetHints":{"allow":["GET"]}}],"collection":[{"href":"https:\/\/jmota.igr05.pt\/index.php?rest_route=\/wp\/v2\/pages"}],"about":[{"href":"https:\/\/jmota.igr05.pt\/index.php?rest_route=\/wp\/v2\/types\/page"}],"author":[{"embeddable":true,"href":"https:\/\/jmota.igr05.pt\/index.php?rest_route=\/wp\/v2\/users\/1"}],"replies":[{"embeddable":true,"href":"https:\/\/jmota.igr05.pt\/index.php?rest_route=%2Fwp%2Fv2%2Fcomments&post=43"}],"version-history":[{"count":21,"href":"https:\/\/jmota.igr05.pt\/index.php?rest_route=\/wp\/v2\/pages\/43\/revisions"}],"predecessor-version":[{"id":209,"href":"https:\/\/jmota.igr05.pt\/index.php?rest_route=\/wp\/v2\/pages\/43\/revisions\/209"}],"wp:attachment":[{"href":"https:\/\/jmota.igr05.pt\/index.php?rest_route=%2Fwp%2Fv2%2Fmedia&parent=43"}],"curies":[{"name":"wp","href":"https:\/\/api.w.org\/{rel}","templated":true}]}}